e highest common divisor of 1870 and 15515390?
1870
Calculate the highest common divisor of 428 and 15302498.
214
Calculate the highest common divisor of 5172 and 1707272028.
5172
What is the greatest common divisor of 7424 and 746257?
29
What is the greatest common divisor of 25749 and 115501431?
8583
Calculate the greatest common divisor of 31 and 528759467.
31
Calculate the greatest common factor of 314 and 62034625.
157
What is the greatest common divisor of 62 and 118467058?
62
What is the highest common factor of 4898 and 4876986?
158
What is the greatest common divisor of 1771 and 19235590?
253
What is the greatest common divisor of 705 and 4952610?
15
What is the highest common divisor of 85063 and 39368?
703
Calculate the greatest common divisor of 6598874 and 4.
2
Calculate the highest common factor of 408239932 and 8152.
4076
What is the highest common divisor of 686 and 60825562?
686
What is the greatest common divisor of 110088 and 9443799?
1251
What is the highest common divisor of 7656 and 68046?
66
Calculate the greatest common divisor of 48 and 491460.
12
Calculate the greatest common divisor of 5390 and 573650.
770
What is the highest common divisor of 4466 and 7457142?
154
What is the greatest common divisor of 10177424 and 1550?
62
What is the greatest common divisor of 77 and 958195?
7
Calculate the highest common factor of 42386553 and 1254.
33
What is the greatest common factor of 169731457 and 1379?
1379
Calculate the greatest common divisor of 4865406160 and 179.
179
What is the highest common factor of 2169606 and 78858?
2022
What is the greatest common divisor of 17622832 and 25216?
3152
Calculate the greatest common divisor of 22687 and 1320013.
463
Calculate the highest common factor of 38400 and 144376.
8
Calculate the greatest common factor of 9175 and 1068337.
367
Calculate the greatest common factor of 238 and 85920380.
238
What is the highest common divisor of 112444 and 2464?
4
Calculate the greatest common factor of 24914763 and 23479.
443
What is the greatest common divisor of 77350 and 330960?
70
What is the highest common factor of 811728 and 272?
16
What is the greatest common factor of 909193 and 88646?
127
Calculate the greatest common factor of 74695980 and 9.
3
Calculate the greatest common factor of 3 and 37677711.
3
Calculate the greatest common divisor of 204898894 and 82.
82
What is the greatest common divisor of 21228 and 374540?
244
Calculate the greatest common factor of 1519902398 and 14.
14
Calculate the greatest common factor of 3789 and 44198685.
3789
What is the greatest common divisor of 770 and 11361790?
110
Calculate the greatest common divisor of 23 and 38492087.
23
Calculate the highest common divisor of 446 and 368203997.
223
What is the highest common factor of 30709820 and 3910?
170
What is the greatest common factor of 66 and 588918?
66
Calculate the greatest common factor of 29156 and 687460.
148
What is the greatest common divisor of 147 and 15159333?
21
Calculate the greatest common divisor of 1728 and 8396622.
54
Calculate the highest common factor of 1135 and 6415.
5
What is the greatest common factor of 680380815 and 30?
15
Calculate the greatest common divisor of 18104 and 886352.
248
What is the greatest common divisor of 10414393 and 203?
29
Calculate the greatest common divisor of 20717840 and 5005.
715
What is the greatest common divisor of 12 and 752776644?
12
What is the highest common divisor of 13393613 and 69?
23
What is the greatest common factor of 9944256 and 3885?
21
Calculate the highest common divisor of 12 and 81314496.
12
Calculate the highest common divisor of 5 and 39968735.
5
What is the greatest common factor of 217 and 202900487?
31
What is the greatest common factor of 702216365 and 85?
85
What is the greatest common factor of 111 and 20598?
3
Calculate the greatest common factor of 1045 and 11777755.
55
What is the greatest common factor of 148400785 and 65?
65
Calculate the highest common factor of 38 and 119414924.
38
Calculate the greatest common factor of 348661951 and 143.
11
What is the highest common factor of 1248 and 40651?
13
What is the greatest common factor of 41142656 and 640?
128
Calculate the greatest common factor of 240 and 8761716.
12
What is the highest common divisor of 1941232 and 816?
16
What is the highest common divisor of 306 and 575042?
34
What is the highest common divisor of 23134 and 444926?
538
What is the highest common divisor of 1208272 and 368?
16
What is the highest common factor of 5581587 and 264?
33
Calculate the greatest common factor of 2231390 and 105.
35
Calculate the highest common divisor of 31059 and 17509881.
1479
What is the highest common divisor of 29 and 684401537?
29
Calculate the highest common factor of 483 and 38650557.
69
What is the highest common factor of 2522 and 357786?
26
Calculate the greatest common factor of 1722 and 925339086.
1722
What is the highest common divisor of 34618 and 5977982?
1822
What is the greatest common divisor of 17536519 and 13?
13
Calculate the highest common divisor of 104887 and 50662400.
1979
What is the greatest common factor of 14 and 495017460?
14
Calculate the highest common divisor of 381675707 and 48699.
5411
Calculate the greatest common factor of 3479 and 91925617.
3479
What is the highest common factor of 37653 and 3777?
3
What is the highest common divisor of 362494043 and 2588?
647
Calculate the greatest common factor of 271321 and 6623.
37
Calculate the highest common divisor of 1328492 and 282964.
4796
Calculate the greatest common factor of 2049892469 and 1259.
1259
What is the highest common factor of 235756 and 272?
68
Calculate the highest common divisor of 265574 and 9417.
73
Calculate the highest common factor of 50 and 676385575.
25
Calculate the greatest common factor of 971440366 and 39.
13
What is the greatest common factor of 42679 and 244751?
871
Calculate the highest common factor of 8058 and 3834537.
51
Calculate the greatest common divisor of 6055 and 1599385.
865
Calculate the greatest common divisor of 15957135 and 425.
85
What is the highest common divisor of 28911 and 48?
3
What is the greatest common divisor of 2505432 and 296?
8
What is the highest common factor of 3148512 and 6912?
96
What is the greatest common divisor of 2248926 and 1581?
93
What is the greatest common factor of 45465257 and 7149?
2383
Calculate the greatest common divisor of 183 and 90991443.
183
Calculate the greatest common divisor of 101504 and 68929024.
7808
What is the highest common divisor of 192719 and 2944647?
191
What is the highest common factor of 697300 and 900?
100
What is the greatest common divisor of 374841 and 648?
27
What is the highest common divisor of 2058 and 428083894?
686
What is the greatest common factor of 5003702 and 8690?
1738
What is the highest common divisor of 14 and 400883?
7
Calculate the greatest common factor of 26181675 and 4800.
75
What is the highest common divisor of 12420 and 51428?
92
Calculate the highest common factor of 23219 and 1383403.
749
Calculate the highest common factor of 51244 and 1288.
92
What is the greatest common factor of 29254766 and 8?
2
What is the highest common divisor of 3050606 and 1898?
26
What is the highest common divisor of 21761541 and 729?
81
What is the greatest common factor of 42044 and 16090056?
1828
Calculate the highest common divisor of 7860481 and 45014.
71
Calculate the highest common factor of 49 and 58143253.
49
Calculate the greatest common divisor of 11606357 and 553.
7
What is the highest common divisor of 9380 and 1677340?
140
What is the highest common divisor of 143694 and 778?
2
Calculate the highest common divisor of 6034246 and 118960.
2974
Calculate the greatest common divisor of 13080 and 19302810.
3270
Calculate the highest common factor of 30728943 and 756.
189
Calculate the greatest common factor of 30 and 136614285.
15
Calculate the greatest common factor of 2103402 and 4758.
366
Calculate the highest common factor of 47153691 and 27.
27
Calculate the greatest common factor of 104 and 205031281.
13
Calculate the greatest common divisor of 7890 and 8422575.
3945
Calculate the greatest common divisor of 13575865 and 115.
115
Calculate the greatest common d